r. Let z(m) = q*a(m) + 4*o(m). Let v be 4/6*(-63)/(-14). What is z(v)?
6
Let v(f) = -f**2 - 5*f - 6. Let g(i) = i**3 + 4*i**2 + 4*i + 2. Let q be g(-2). Suppose r - 1 = q. Suppose -p + 15 = 4*t, -r*p - 12 = -t + 8. Determine v(p).
-6
Let y = -35 + 39. Let p(b) = -y*b + 10*b - 5*b - 2*b + 2. Give p(-4).
6
Let g(j) = 3*j**2 + 9*j - 3. Let i(z) = 16*z**2 + 45*z - 16. Let w(t) = 11*g(t) - 2*i(t). Calculate w(-7).
-15
Let o(d) = 4 - 7 - d - 3 + 11 - 2*d. Suppose -5*p + 15 + 0 = f, 2*p - 3*f - 23 = 0. Calculate o(p).
-7
Suppose -5*d = i - 3 + 16, -20 = 5*d. Suppose 2*c = i + 5. Suppose 5*j = 2*h, 4*h - c*j = -3*j. Let k(w) = -w**3 + w**2 - w - 11. Determine k(h).
-11
Let s(h) = h + 1. Let k(b) = -b. Let i(x) = 2*k(x) - s(x). Let d(z) = z + 1. Let q = 396 - 384. Let y(w) = q*d(w) + 3*i(w). Calculate y(-7).
-12
Let v(h) = 4*h + 138. Let m be v(-34). Let p(d) = -2*d**2 - 3*d + 4. What is p(m)?
-10
Let i(v) = v**3 - 2*v**2 + v + 2. Let f(q) = 84*q - 80. Let u be f(1). Determine i(u).
38
Let f(v) = v + 12. Let a be f(-18). Let w(m) = -7*m**2 - 6*m - 11. Let q(l) = 6*l**2 + 6*l + 10. Let k(s) = -6*q(s) - 5*w(s). What is k(a)?
-5
Let j be (-4)/8 - (0 - (-34)/4). Let l = j + 13. Let r(g) = 4*g + 2. Give r(l).
18
Let p(w) = -w**2 + 2*w - 6. Suppose -5*i + 152 = -103. Let n = 302 + -296. Let a be n/(-24) - i/(-12). Determine p(a).
-14
Let v(p) be the second derivative of p**5/20 - 3*p**4/4 - 2*p**3/3 + 9*p**2/2 - 4*p - 81. Determine v(9).
-27
Let k(l) = l**3 + l**2 - 2*l - 1. Let p(i) = -i - 26 - 9*i + 17*i. Let a be p(4). Give k(a).
7
Let u(i) = -10 + 30*i - 3 - 28*i - 3 + 1. Calculate u(0).
-15
Suppose -6*h + 7*h - 1 = 0. Let g(z) = -1 + 2 + z + 0 + h - 5*z**2 + z**3. Give g(5).
7
Let n(g) = g**2 - 11*g - 2. Let m be ((-18)/315*-50)/((-4)/(-14)). Calculate n(m).
-12
Let o be ((-3)/(-6))/(0 + 2/4). Let j(m) = -6*m**3 + m**2 + m - 2. Calculate j(o).
-6
Let j(z) = 93*z + 469. Let h be j(-5). Let f(q) = 4*q - 3. Calculate f(h).
13
Let s(c) be the second derivative of -17*c**3/6 + c**2/2 - 7*c + 13. Determine s(1).
-16
Suppose 0 = -5*v + 11*v - 36. Suppose v*u - 16*u = -50. Let d(o) = o**2 - 6*o + 4. What is d(u)?
-1
Suppose 3*c = -2*c - 2*a - 20, 4*a = 0. Let q(w) = -4 + 474*w**2 + 2 - 478*w**2 - w**3 - w. Calculate q(c).
2
Let u be (0/(-4) - 9)*(-3)/9. Suppose -u + 4 = o. Let z(n) = -4*n**2 + n. What is z(o)?
-3
Let p(f) be the third derivative of f**4/24 + 7*f**3/6 - 5*f**2 - 10*f. Calculate p(-3).
4
Let a(r) = 13*r**2 + 2*r + 14. Let j(i) = 6*i**2 + i + 6. Let d(f) = 2*a(f) - 5*j(f). Determine d(-1).
-5
Let w(b) = b**2 + 10*b - 4. Let x = 86 - 96. Calculate w(x).
-4
Suppose -6 = 3*h, 4*f - 2*f + 6 = -5*h. Let v(p) = 4 + f*p + 4 - 4. Suppose 2*a + 9 = 2*b + 13, a = 5*b - 10. Calculate v(b).
10
Suppose -3 = -g + 2. Suppose 5*x + g = -0. Let i(p) = 12*p**3 - 42*p + p**2 - 1 + 0*p**2 + 17*p - 4*p**3 + 24*p. Calculate i(x).
-7
Let n(c) be the first derivative of -c**3/3 + 3*c**2 + 7*c - 10. Let y(d) be the first derivative of n(d). What is y(6)?
-6
Let b(f) be the first derivative of f**5/60 + f**4/8 + 13*f**2/2 + 2. Let m(g) be the second derivative of b(g). Give m(-3).
0
Let p(z) = 96*z - 15. Let m be p(0). Let x(v) = v**2 + 15*v + 2. Give x(m).
2
Let q(i) = i**3 + 10*i**2 + 52*i + 220. Let p be q(-7). Let c(f) be the first derivative of -7*f**2/2 + f + 1. What is c(p)?
-20
Let w = -6 + 7. Suppose -w = 5*n - 16. Let d(y) = -2*y - 4*y**2 - n - y**2 + y**2 + 5*y**2. Determine d(4).
5
Let a(j) be the first derivative of -7*j**2 + 2*j - 458. What is a(3)?
-40
Suppose -2*c + 38 = 2*i + 2*c, 95 = 5*i + 4*c. Let f = -17 + i. Let l(a) = -f + 3*a - 7*a + 3*a. Calculate l(-6).
4
Let h(f) be the third derivative of 1/24*f**4 + 0 - f + 8*f**2 - 4/3*f**3. Give h(6).
-2
Let t(s) be the second derivative of -s**5/20 - s**4/3 + s**3/2 - s**2 + s. Suppose -164*c - 4*a + 36 = -168*c, 3*c + 31 = 4*a. Calculate t(c).
8
Let g(c) = 2*c**3 + 2*c**2 + 9. Let s(b) = -b**3 + 2*b**2 + b + 3. Let n(p) = -g(p) + 2*s(p). What is n(1)?
-3
Let w(v) = v**3 - 13*v**2 + 5*v - 6. Let x(p) = -p**2 - p + 2. Let b(y) = -w(y) + 3*x(y). What is b(9)?
21
Let w be 2 - (0/3)/(-2). Let p(j) = -4*j - 4*j**2 - 6 - j + j**3 + w. Let f = -7 + 12. Determine p(f).
-4
Let p(x) = 16*x - 21. Let a(k) = -15*k + 20. Let z(l) = 4*a(l) + 3*p(l). Let j be z(2). Let w(n) = n**2 + 7*n. Give w(j).
0
Let g(r) be the second derivative of -1/6*r**3 + 0*r**2 - 1/12*r**4 + 40*r + 0 - 1/20*r**5. Calculate g(-1).
1
Let w(y) = y**3 - 5*y**2 - 8*y + 7. Suppose -4*d + 4*o = 4, -o - 3 + 0 = 0. Let t be ((-2)/3)/((-4)/12). Let r = t - d. Calculate w(r).
-5
Suppose 4*q - 2 - 4 = 2*c, 2*q = 5*c + 15. Suppose a = -q*a. Let f(n) = 6*n + 3*n + 1 + a - 6*n. Determine f(2).
7
Let z(t) = 4*t**3 + t**3 + 558 - 6*t**3 + t - t**2 - 555. Determine z(-4).
47
Let c(w) = -5*w + 33. Let f be c(6). Let d(j) = 8*j - 7*j**2 - 1 + 11*j**2 - 3*j**2 - f. Give d(-7).
-11
Let x(u) = 2*u - 3. Let n be -4 - (-5 + -9 + 5). Calculate x(n).
7
Let z(f) = 2*f + 10. Let r(i) = 1. Let w(v) = -6*r(v) + z(v). Let s(n) be the second derivative of -n**3/6 - 5*n**2/2 - n. Let p be s(0). Give w(p).
-6
Let f(n) = -n**3 - 7*n**2 - 8*n - 3. Let c be f(-6). Let m be 20/c - (-8)/(-36). Let k(y) = y + 6 - 8*y + 3*y**2 - 2*y**m. Determine k(6).
0
Let w(s) = -9*s**2 + 6*s + 6. Let m(y) = -10*y**2 + 7*y + 7. Let i(u) = 4*m(u) - 5*w(u). Let b = -1136 + 1138. Calculate i(b).
14
Let g be (-2 + (-14)/(-6))*45. Let a = 17 - g. Let j be -3 - (-12)/(2 + a). Let d(l) = l**2 - 10. Calculate d(j).
-10
Let t(s) = 6475*s**2 + 7 - 6476*s**2 + 3*s - 7*s. Give t(-3).
10
Let q(u) = u**2 + 2. Let r = -17 - -21. Suppose -r*n = -n. Calculate q(n).
2
Let n be 15/((18/4)/3). Suppose -13*j = -n*j + 9. Let k(v) = v**3 + 2*v**2 - 4*v - 4. Calculate k(j).
-1
Suppose 0 = 2*r - 5*r + 5*u + 17, 5 = -5*u. Let x(a) = -4 + r - 1 - a - 3*a**2 - 2*a**2. Let k(d) = -d**2 - d - 1. Let j(m) = -3*k(m) + x(m). Determine j(2).
-2
Let h(r) = -r**3 - 5*r**2 - 2*r + 4. Let q = -13 - -15. Let m be (0 + -2)/q - 4. Give h(m).
14
Let y(m) = -17*m**3 - 51*m**2 - 62*m + 2. Let i(h) = 12*h**3 + 34*h**2 + 42*h - 1. Let l(s) = -7*i(s) - 5*y(s). Calculate l(-16).
-3
Let a(x) be the second derivative of -1/3*x**3 - x**2 + 0 - 14*x. Calculate a(-3).
4
Let p(y) be the third derivative of y**6/120 + y**5/15 + y**4/12 + y**3/6 - 9*y**2. Let d be ((-2)/4)/(5/40). Determine p(d).
-7
Let c = 116 - 346/3. Let s(z) be the first derivative of c*z**3 - 3*z + 3/2*z**2 - 3/4*z**4 - 7. Determine s(2).
-13
Let x(p) be the first derivative of -p**4/4 - 2*p**3 - 3*p**2/2 + 7*p + 117. What is x(-5)?
-3
Let z = 201 + -217. Let n(m) = -m**2 - 14*m + 22. Determine n(z).
-10
Let u(a) = a**3 - 21*a**2 + a - 28. Suppose 57*q - 64*q = -147. Determine u(q).
-7
Let n = 1960 + -1961. Let y(s) = -3*s**2 - 3*s - 2. What is y(n)?
-2
Let f(r) = -23 + 24 - 58*r + 8*r**3 + 59*r. Determine f(-1).
-8
Let o(g) = 11*g - 148. Let j be o(13). Let b(w) = 4*w - 4. What is b(j)?
-24
Let t(l) = l**2 - 3*l + 4. Let q(x) be the first derivative of -x**3/3 - x**2/2 + x - 12. Let m(n) = -4*q(n) + t(n). Determine m(-1).
4
Let u(n) be the third derivative of 0*n**3 + 0*n + 1/12*n**4 + 10*n**2 + 0. Calculate u(-6).
-12
Let s be ((2 - 2) + 13)/(-1). Let j(w) = 3*w**3 + 18*w**2 + 10*w + 34. Let p(a) = a**3 + 7*a**2 + 3*a + 11. Let h(y) = 2*j(y) - 7*p(y). Calculate h(s).
4
Let t = -43 + 43. Suppose 3*w - 9 = 4*q, -4 = 4*q - 4*w - t. Let g(o) be the second derivative of -o**4/12 - 3*o**3/2 - 7*o**2/2 + o. Give g(q).
11
Let o be 14/(-21) - 5/(-3). Let y(b) = 7*b + 3 - 3 - o. Give y(1).
6
Suppose 10 - 2 = -2*j. Let o be 1/(-1)*-2 + -6. Let k be o/((1 + j)/(-3)). Let m(a) = -a**2 - 7*a - 5. Determine m(k).
7
Let a(b) = -b**2 - 11*b + 4. Suppose -g - p = 8, -38 = 5*g + p + 6. Determine a(g).
22
Let i(o) = -o**3 + 5*o**2 - 7*o + 6. Suppose -3*j = -5*j + 6. Suppose -3*d - j = v, -5*v + 3*d + 3 = -0. Suppose -4*k + 16 = -v. Calculate i(k).
-6
Let r(p) = -p**2 - 3*p - 6. Suppose 4 = -2*q, 2*t - 2*q + 4*q = -12. Calculate r(t).
-10
Let d = 115 - 113. Let t(l) = 0 - 3*l + 1 + l - 4*l**2. What is t(d)?
-19
Let d = -792 - -790. Let p(l) = l - 1. Let v(q) = -q + 6. Let a(o) = -5*p(o) - v(o). What is a(d)?
7
Let d(j) be the first derivative of -j**4/4 - j**3 + 5*j**2/2 - 4*j - 77. Determine d(-5